{"id":16,"date":"2015-01-29T20:17:09","date_gmt":"2015-01-29T20:17:09","guid":{"rendered":"http:\/\/www.softjerks.at\/cms\/?page_id=16"},"modified":"2016-09-27T05:11:39","modified_gmt":"2016-09-27T05:11:39","slug":"versandmethoden","status":"publish","type":"page","link":"https:\/\/www.softjerks.at\/cms\/versandmethoden\/","title":{"rendered":"Versandkosten und Lieferung"},"content":{"rendered":"<p><strong>Preise, Versandkosten und Lieferinformationen:<\/strong><\/p>\n<p>Die auf den Produktseiten genannten Preise enthalten die gesetzliche Mehrwertsteuer und sonstige Preisbestandteile.<\/p>\n<p>Wir liefern nur innerhalb\u00a0Eurozone und \u00d6sterreichs.<\/p>\n<p>Bei Zahlung per Nachnahme wird eine zus\u00e4tzliche Geb\u00fchr in H\u00f6he von [4,50 Euro] f\u00e4llig, die der Zusteller vor Ort erhebt. [Weitere Steuern oder Kosten fallen nicht an.]<\/p>\n<p><span style=\"color: #ff0000;\"><em><strong>Mindestbestellwert sind \u20ac 25.-<\/strong><\/em><\/span><\/p>\n<p><strong>Versandkosten \u00d6sterreich: \u20ac 5.50<\/strong><\/p>\n<p><strong>Versandkosten Eurozone: \u20ac 13.50<\/strong><\/p>\n<p><strong>Versandkostenfrei ab einen Bestellwert von \u20ac 100.-<\/strong><\/p>\n<p>&nbsp;<\/p>\n","protected":false},"excerpt":{"rendered":"<p>Preise, Versandkosten und Lieferinformationen:<\/p>\n<p>Die auf den Produktseiten genannten Preise enthalten die gesetzliche Mehrwertsteuer und sonstige Preisbestandteile.<\/p>\n<p>Wir liefern nur innerhalb\u00a0Eurozone und \u00d6sterreichs.<\/p>\n<p>Bei Zahlung per Nachnahme wird eine zus\u00e4tzliche Geb\u00fchr in H\u00f6he von [4,50 Euro] f\u00e4llig, die der Zusteller vor Ort erhebt. [Weitere Steuern oder Kosten fallen nicht an.]<\/p>\n<p>Mindestbestellwert sind \u20ac 25.-<\/p>\n<p>Versandkosten \u00d6sterreich: \u20ac 5.50<\/p>\n<p>Versandkosten Eurozone: \u20ac 13.50<\/p>\n<p>Versandkostenfrei ab einen Bestellwert von \u20ac 100.-<\/p>\n<p>&nbsp;<\/p>\n","protected":false},"author":1,"featured_media":0,"parent":0,"menu_order":0,"comment_status":"closed","ping_status":"closed","template":"","meta":{"ngg_post_thumbnail":0,"footnotes":""},"class_list":["post-16","page","type-page","status-publish","hentry"],"yoast_head":"<!-- This site is optimized with the Yoast SEO plugin v27.3 - https:\/\/yoast.com\/product\/yoast-seo-wordpress\/ -->\n<title>Versandkosten und Lieferung - Softjerks<\/title>\n<meta name=\"robots\" content=\"index, follow, max-snippet:-1, max-image-preview:large, max-video-preview:-1\" \/>\n<link rel=\"canonical\" href=\"https:\/\/www.softjerks.at\/cms\/versandmethoden\/\" \/>\n<meta property=\"og:locale\" content=\"de_DE\" \/>\n<meta property=\"og:type\" content=\"article\" \/>\n<meta property=\"og:title\" content=\"Versandkosten und Lieferung - Softjerks\" \/>\n<meta property=\"og:description\" content=\"Preise, Versandkosten und Lieferinformationen:  Die auf den Produktseiten genannten Preise enthalten die gesetzliche Mehrwertsteuer und sonstige Preisbestandteile.  Wir liefern nur innerhalb\u00a0Eurozone und \u00d6sterreichs.  Bei Zahlung per Nachnahme wird eine zus\u00e4tzliche Geb\u00fchr in H\u00f6he von [4,50 Euro] f\u00e4llig, die der Zusteller vor Ort erhebt. [Weitere Steuern oder Kosten fallen nicht an.]  Mindestbestellwert sind \u20ac 25.-  Versandkosten \u00d6sterreich: \u20ac 5.50  Versandkosten Eurozone: \u20ac 13.50  Versandkostenfrei ab einen Bestellwert von \u20ac 100.-  &nbsp;\" \/>\n<meta property=\"og:url\" content=\"https:\/\/www.softjerks.at\/cms\/versandmethoden\/\" \/>\n<meta property=\"og:site_name\" content=\"Softjerks\" \/>\n<meta property=\"article:modified_time\" content=\"2016-09-27T05:11:39+00:00\" \/>\n<script type=\"application\/ld+json\" class=\"yoast-schema-graph\">{\"@context\":\"https:\\\/\\\/schema.org\",\"@graph\":[{\"@type\":\"WebPage\",\"@id\":\"https:\\\/\\\/www.softjerks.at\\\/cms\\\/versandmethoden\\\/\",\"url\":\"https:\\\/\\\/www.softjerks.at\\\/cms\\\/versandmethoden\\\/\",\"name\":\"Versandkosten und Lieferung - Softjerks\",\"isPartOf\":{\"@id\":\"https:\\\/\\\/www.softjerks.at\\\/cms\\\/#website\"},\"datePublished\":\"2015-01-29T20:17:09+00:00\",\"dateModified\":\"2016-09-27T05:11:39+00:00\",\"breadcrumb\":{\"@id\":\"https:\\\/\\\/www.softjerks.at\\\/cms\\\/versandmethoden\\\/#breadcrumb\"},\"inLanguage\":\"de\",\"potentialAction\":[{\"@type\":\"ReadAction\",\"target\":[\"https:\\\/\\\/www.softjerks.at\\\/cms\\\/versandmethoden\\\/\"]}]},{\"@type\":\"BreadcrumbList\",\"@id\":\"https:\\\/\\\/www.softjerks.at\\\/cms\\\/versandmethoden\\\/#breadcrumb\",\"itemListElement\":[{\"@type\":\"ListItem\",\"position\":1,\"name\":\"Home\",\"item\":\"https:\\\/\\\/www.softjerks.at\\\/cms\\\/\"},{\"@type\":\"ListItem\",\"position\":2,\"name\":\"Versandkosten und Lieferung\"}]},{\"@type\":\"WebSite\",\"@id\":\"https:\\\/\\\/www.softjerks.at\\\/cms\\\/#website\",\"url\":\"https:\\\/\\\/www.softjerks.at\\\/cms\\\/\",\"name\":\"Softjerks\",\"description\":\"\",\"potentialAction\":[{\"@type\":\"SearchAction\",\"target\":{\"@type\":\"EntryPoint\",\"urlTemplate\":\"https:\\\/\\\/www.softjerks.at\\\/cms\\\/?s={search_term_string}\"},\"query-input\":{\"@type\":\"PropertyValueSpecification\",\"valueRequired\":true,\"valueName\":\"search_term_string\"}}],\"inLanguage\":\"de\"}]}<\/script>\n<!-- \/ Yoast SEO plugin. -->","yoast_head_json":{"title":"Versandkosten und Lieferung - Softjerks","robots":{"index":"index","follow":"follow","max-snippet":"max-snippet:-1","max-image-preview":"max-image-preview:large","max-video-preview":"max-video-preview:-1"},"canonical":"https:\/\/www.softjerks.at\/cms\/versandmethoden\/","og_locale":"de_DE","og_type":"article","og_title":"Versandkosten und Lieferung - Softjerks","og_description":"Preise, Versandkosten und Lieferinformationen:  Die auf den Produktseiten genannten Preise enthalten die gesetzliche Mehrwertsteuer und sonstige Preisbestandteile.  Wir liefern nur innerhalb\u00a0Eurozone und \u00d6sterreichs.  Bei Zahlung per Nachnahme wird eine zus\u00e4tzliche Geb\u00fchr in H\u00f6he von [4,50 Euro] f\u00e4llig, die der Zusteller vor Ort erhebt. [Weitere Steuern oder Kosten fallen nicht an.]  Mindestbestellwert sind \u20ac 25.-  Versandkosten \u00d6sterreich: \u20ac 5.50  Versandkosten Eurozone: \u20ac 13.50  Versandkostenfrei ab einen Bestellwert von \u20ac 100.-  &nbsp;","og_url":"https:\/\/www.softjerks.at\/cms\/versandmethoden\/","og_site_name":"Softjerks","article_modified_time":"2016-09-27T05:11:39+00:00","schema":{"@context":"https:\/\/schema.org","@graph":[{"@type":"WebPage","@id":"https:\/\/www.softjerks.at\/cms\/versandmethoden\/","url":"https:\/\/www.softjerks.at\/cms\/versandmethoden\/","name":"Versandkosten und Lieferung - Softjerks","isPartOf":{"@id":"https:\/\/www.softjerks.at\/cms\/#website"},"datePublished":"2015-01-29T20:17:09+00:00","dateModified":"2016-09-27T05:11:39+00:00","breadcrumb":{"@id":"https:\/\/www.softjerks.at\/cms\/versandmethoden\/#breadcrumb"},"inLanguage":"de","potentialAction":[{"@type":"ReadAction","target":["https:\/\/www.softjerks.at\/cms\/versandmethoden\/"]}]},{"@type":"BreadcrumbList","@id":"https:\/\/www.softjerks.at\/cms\/versandmethoden\/#breadcrumb","itemListElement":[{"@type":"ListItem","position":1,"name":"Home","item":"https:\/\/www.softjerks.at\/cms\/"},{"@type":"ListItem","position":2,"name":"Versandkosten und Lieferung"}]},{"@type":"WebSite","@id":"https:\/\/www.softjerks.at\/cms\/#website","url":"https:\/\/www.softjerks.at\/cms\/","name":"Softjerks","description":"","potentialAction":[{"@type":"SearchAction","target":{"@type":"EntryPoint","urlTemplate":"https:\/\/www.softjerks.at\/cms\/?s={search_term_string}"},"query-input":{"@type":"PropertyValueSpecification","valueRequired":true,"valueName":"search_term_string"}}],"inLanguage":"de"}]}},"_links":{"self":[{"href":"https:\/\/www.softjerks.at\/cms\/wp-json\/wp\/v2\/pages\/16","targetHints":{"allow":["GET"]}}],"collection":[{"href":"https:\/\/www.softjerks.at\/cms\/wp-json\/wp\/v2\/pages"}],"about":[{"href":"https:\/\/www.softjerks.at\/cms\/wp-json\/wp\/v2\/types\/page"}],"author":[{"embeddable":true,"href":"https:\/\/www.softjerks.at\/cms\/wp-json\/wp\/v2\/users\/1"}],"replies":[{"embeddable":true,"href":"https:\/\/www.softjerks.at\/cms\/wp-json\/wp\/v2\/comments?post=16"}],"version-history":[{"count":0,"href":"https:\/\/www.softjerks.at\/cms\/wp-json\/wp\/v2\/pages\/16\/revisions"}],"wp:attachment":[{"href":"https:\/\/www.softjerks.at\/cms\/wp-json\/wp\/v2\/media?parent=16"}],"curies":[{"name":"wp","href":"https:\/\/api.w.org\/{rel}","templated":true}]}}